of 512945175.
3, 5, 6839269
List the prime factors of 885200259.
3, 101, 337, 8669
List the prime factors of 228750245.
5, 73, 626713
List the prime factors of 110794111.
19, 5831269
List the prime factors of 63472909.
29, 521, 4201
What are the prime factors of 712413240?
2, 3, 5, 7, 11, 77101
List the prime factors of 74672075.
5, 17, 175699
What are the prime factors of 42677296?
2, 53, 59, 853
What are the prime factors of 4449056881?
103, 607, 71161
What are the prime factors of 1009825160?
2, 5, 17, 1485037
What are the prime factors of 53962594?
2, 7, 3854471
What are the prime factors of 1015709?
1015709
List the prime factors of 183076035.
3, 5, 12205069
What are the prime factors of 732193226?
2, 366096613
What are the prime factors of 1782699882?
2, 3, 6217, 47791
What are the prime factors of 361079306?
2, 7, 19, 673, 2017
List the prime factors of 104705864.
2, 13088233
What are the prime factors of 325109718?
2, 3, 18061651
List the prime factors of 64910844.
2, 3, 1803079
What are the prime factors of 1864358899?
13, 53, 73, 101, 367
List the prime factors of 58425645.
3, 5, 3895043
List the prime factors of 307704807.
3, 34189423
What are the prime factors of 404030131?
191, 317, 6673
List the prime factors of 897624522.
2, 3, 49868029
What are the prime factors of 173396448?
2, 3, 23, 26177
What are the prime factors of 2110684?
2, 527671
What are the prime factors of 1162546720?
2, 5, 7265917
What are the prime factors of 1332346?
2, 666173
What are the prime factors of 302859496?
2, 4283, 8839
What are the prime factors of 2713126636?
2, 11, 61661969
What are the prime factors of 272478797?
272478797
What are the prime factors of 160722154?
2, 37, 739, 2939
List the prime factors of 14041888.
2, 7, 62687
List the prime factors of 508559721.
3, 10723, 15809
What are the prime factors of 1619564371?
36709, 44119
List the prime factors of 35657230.
2, 5, 7, 509389
What are the prime factors of 418819963?
5107, 82009
List the prime factors of 107465641.
47, 48649
List the prime factors of 217776643.
7, 31, 353, 2843
What are the prime factors of 21042107?
17, 641, 1931
List the prime factors of 47766028.
2, 1381, 8647
What are the prime factors of 618864372?
2, 3, 7, 2455811
List the prime factors of 2840282206.
2, 101, 14060803
List the prime factors of 4202609.
1327, 3167
What are the prime factors of 518075275?
5, 107, 293, 661
What are the prime factors of 443238701?
67, 6615503
What are the prime factors of 318013107?
3, 619, 171251
What are the prime factors of 745235986?
2, 11, 269, 125927
What are the prime factors of 603653063?
13, 101, 167, 2753
List the prime factors of 86255306.
2, 43127653
What are the prime factors of 276125680?
2, 5, 31, 111341
List the prime factors of 226712617.
19, 811, 14713
List the prime factors of 3111648536.
2, 47, 1301, 6361
List the prime factors of 1541017.
821, 1877
What are the prime factors of 4035529827?
3, 7, 64056029
List the prime factors of 285625312.
2, 7, 182159
What are the prime factors of 361896550?
2, 5, 1193, 6067
List the prime factors of 168427417.
227, 479, 1549
List the prime factors of 404427847.
4111, 98377
List the prime factors of 2656831990.
2, 5, 37, 194071
What are the prime factors of 7300404951?
3, 7, 11261, 30871
What are the prime factors of 1005188937?
3, 17, 53, 257, 1447
What are the prime factors of 1916963536?
2, 119810221
List the prime factors of 279631324.
2, 7, 941, 10613
List the prime factors of 297553693.
2857, 104149
List the prime factors of 51594301.
11, 701, 6691
What are the prime factors of 2171650088?
2, 821, 330641
What are the prime factors of 196408967?
29, 6772723
What are the prime factors of 5165667?
3, 13, 14717
What are the prime factors of 271693195?
5, 54338639
List the prime factors of 25903714.
2, 59, 219523
What are the prime factors of 621157374?
2, 3, 34508743
List the prime factors of 42690837.
3, 7, 839, 2423
List the prime factors of 68319017.
13, 443, 11863
List the prime factors of 46722150.
2, 3, 5, 53, 653
What are the prime factors of 730555002?
2, 3, 67, 433, 1399
List the prime factors of 3087422000.
2, 5, 13, 118747
List the prime factors of 107233118.
2, 223, 240433
What are the prime factors of 56756586?
2, 3, 1097, 8623
What are the prime factors of 281139837?
3, 11, 31, 199, 1381
What are the prime factors of 27905886?
2, 3, 1550327
List the prime factors of 185773040.
2, 5, 2322163
List the prime factors of 313392268.
2, 7, 31, 173, 2087
List the prime factors of 35992456.
2, 71, 63367
List the prime factors of 120080594.
2, 223, 307, 877
What are the prime factors of 40386293?
40386293
List the prime factors of 1128654810.
2, 3, 5, 464467
List the prime factors of 65488112.
2, 59, 173, 401
What are the prime factors of 331885?
5, 66377
List the prime factors of 5928812045.
5, 13, 71, 179, 7177
What are the prime factors of 722501128?
2, 29, 31, 100459
List the prime factors of 930907868.
2, 11, 239, 88523
List the prime factors of 265223254.
2, 107, 1239361
List the prime factors of 4428825318.
2, 3, 10039, 24509
List the prime factors of 1533632674.
2, 7, 1709, 9157
List the prime factors of 254276086.
2, 23, 53, 104297
What are the prime factors of 545837845?
5, 7, 991, 15737
What are the prime factors of 109857375?
3, 5, 97651
List the prime factors of 1329419602.
2, 7, 6947, 13669
What are the prime factors of 26936170?
2, 5, 47, 223, 257
What are the prime factors of 15460207?
7, 2208601
List the prime factors of 85412546.
2, 151, 1873
What are the prime factors of 60308089?
41, 59, 107, 233
List the prime factors of 1182787486.
2, 701, 843643
What are the prime factors of 62722530?
2, 3, 5, 13, 53609
What are the prime factors of 86790441?
3, 113, 256019
What are the prime factors of 2182726011?
3, 1567, 464311
List the prime factors of 75767098.
2, 11, 19, 41, 4421
List the prime factors of 71459486.
2, 7, 5104249
What are the prime factors of 8122311303?
3, 2707437101
What are the prime factors of 190169868?
2, 3, 7, 2263927
What are the prime factors of 3082849093?
3082849093
List the prime factors of 2365645780.
2, 5, 191, 619279
What are the prime factors of 6937900276?
2, 1734475069
What are the prime factors of 2305708723?
73, 223, 141637
What are the prime factors of 1856122388?
2, 19, 24422663
What are the prime factors of 125672730?
2, 3, 5, 4189091
What are the prime factors of 113263019?
3919, 28901
What are the prime factors of 371867600?
2, 5, 13, 5501
List the prime factors of 16124469.
3, 571, 9413
What are the prime factors of 162434889?
3, 2005369
What are the prime factors of 1575162832?
2, 71, 1386587
What are the prime factors of 126580127?
3541, 35747
List the prime factors of 479287986.
2, 3, 619, 129049
What are the prime factors of 82710790?
2, 5, 31, 367, 727
What are the prime factors of 1063379213?
13, 19, 4305179
List the prime factors of 758864197.
7, 13, 8339167
List the prime factors of 4966070829.
3, 23, 71972041
What are the prime factors of 56728039?
3391, 16729
List the prime factors of 202099818.
2, 3, 1319, 25537
List the prime factors of 1182202388.
2, 223, 1033, 1283
What are the prime factors of 76385462?
2, 2347, 16273
What are the prime factors of 16803146?
2, 8401573
List the prime factors of 945029882.
2, 197, 2398553
What are the prime factors of 702563779?
19, 61, 606181
What are the prime factors of 528432294?
2, 3, 13, 19, 356567
List the prime factors of 617957883.
3, 89, 257161
What are the prime factors of 236637949?
236637949
What are the prime factors of 441445428?
2, 3, 239, 51307
What are the prime factors of 433431538?
2, 216715769
What are the prime factors of 116043417?
3, 7, 37591
List the prime factors of 1009585010.
2, 5, 7, 14422643
List the prime factors of 45762702.
2, 3, 479, 15923
List the prime factors of 22038609.
3, 307, 23929
List the prime factors of 375064985.
5, 75012997
List the prime factors of 3376646991.
3, 47, 367, 21751
What are the prime factors of 300068233?
43, 197, 35423
List the prime factors of 88943762.
2, 17, 97, 149, 181
What are the prime factors of 2402294623?
421, 5706163
What are the prime factors of 15164608?
2, 236947
List the prime factors of 18441481.
17, 1084793
What are the prime factors of 19777645